s the remainder when (-176)/(-6) - h/6 is divided by p?
13
Let x = 107 - 40. Let c = 50 - 33. Calculate the remainder when x is divided by c.
16
Suppose -4*k = 3*k - 21. Suppose -2*v + 2*u - 6*u = -98, -44 = -v + k*u. What is the remainder when v is divided by 6?
5
Let p(j) = j**2 - 11*j + 11. Let k(n) = -6*n**2 + 54*n - 54. Let o(u) = -2*k(u) - 11*p(u). What is the remainder when o(-18) is divided by 27?
23
Calculate the remainder when 128 is divided by (94 + -28)*2/12.
7
Let y = -104 + 171. What is the remainder when y is divided by 22?
1
Let g(p) = -p**2 - 7*p - 2. Let s be g(-7). Let x = 24 + -8. What is the remainder when s/((-2)/27) + 3 is divided by x?
14
Suppose -4 = -h, 2*h + 788 = 5*c - h. Suppose 11*a = a + c. Let z(k) = 2*k - 19. What is the remainder when 24 is divided by z(a)?
11
Suppose 28 = 8*f - f. Suppose -f*a = -a + 9, 5*w - a = 173. Calculate the remainder when w is divided by 18.
16
Let g be (144/28)/((-2)/21). Let b = g + 90. Suppose 3*t - b = -3*t. Calculate the remainder when 9 is divided by t.
3
What is the remainder when 126 is divided by (-12)/(1*12/(-27))?
18
Let w(k) = -k**2 + 43*k - 121. Calculate the remainder when w(17) is divided by 36.
33
Calculate the remainder when (-10489)/(-68) + (-6)/(-8) is divided by 37.
7
Let b(d) = -3*d**2 + 1. Let h be b(2). Calculate the remainder when 63 is divided by h + 15 + 28/1.
31
What is the remainder when (-5)/(-7) + (-4946)/(-14) is divided by 89?
87
Suppose 0 = -3*z - 12 + 30. Suppose z*a = 4*a + 34. Calculate the remainder when a is divided by 10.
7
Calculate the remainder when (-12)/27*(-1017)/2 is divided by 34.
22
Let g(i) be the third derivative of i**6/120 + 2*i**5/15 + 5*i**4/24 - i**3/2 - 2*i**2. Suppose 6*l - 200 = l. What is the remainder when l is divided by g(-7)?
7
Let q(i) = i**2 - 35*i + 66. What is the remainder when q(37) is divided by 13?
10
Suppose 120 = -8*x + 11*x + 3*s, -5*x - 3*s = -206. Calculate the remainder when 130 is divided by x.
1
What is the remainder when 78 is divided by 41 - -5*2*(-1)/10?
38
Suppose -3 = -2*n - 3*b, -6 = -b - 1. What is the remainder when 62 is divided by (-4)/12 - 68/n?
7
Suppose -4*x - 2 = -5*x, 32 = 5*o + x. What is the remainder when 137 is divided by o?
5
Suppose 23*k + 28 = -5*k. Let d be (-22)/(-3) - (-2)/3. Let b = k + d. Calculate the remainder when b is divided by 4.
3
Let a(l) = 11*l**2 - l - 12. Calculate the remainder when 263 is divided by a(-3).
83
Let p(t) = t**2 + 22*t - 20. Calculate the remainder when p(-25) is divided by 19.
17
Suppose -5*p + 2 = -13. Suppose p*l - 31 - 29 = 0. What is the remainder when 36 is divided by l?
16
Suppose 8*k = -0*k - 280. Let d = k + 51. What is the remainder when 1*(-2 + 0 - -63) is divided by d?
13
Suppose -6*c - 314 = -494. Calculate the remainder when 91 is divided by c.
1
Suppose 5*s - 2*d + d = -343, -d = -3. Let a = s - -101. Calculate the remainder when a is divided by ((-6)/(-9))/((-4)/(-102)).
16
Let h be (-9)/(-36)*(-1 + 1). Suppose h = 5*n + 8 - 48. Suppose 8 = u + 3. What is the remainder when n is divided by u?
3
Let v = 191 - 107. Suppose -23*y = -20*y - v. What is the remainder when y is divided by 8?
4
Let a(u) = u**3 - 10*u**2 + 17*u + 10. Let x be a(7). Calculate the remainder when 80 is divided by x/15*35/(-2).
17
Calculate the remainder when ((-45166)/(-209) - -6) + 4/(-38) is divided by 48.
30
Suppose 4*z - 80 = -z. Suppose -2*m + 44 = -z. What is the remainder when m is divided by 8?
6
What is the remainder when 209 is divided by (-6)/(-33) + 145*(-60)/(-550)?
1
Let j(c) = -2*c**2 + 44*c - 133. What is the remainder when j(15) is divided by 32?
13
Suppose 4*y - 80 = -24. Suppose 20*f = 18*f + 80. Calculate the remainder when f is divided by y.
12
Suppose -18*r = 40*r - 29696. What is the remainder when r is divided by 11?
6
Suppose 2*v = -2, 4*k + 3*v - v = 262. What is the remainder when 9 is divided by (-10)/(-25) - k/(-10)?
2
Let b(d) = 3*d**2 - 9*d + 4. Let u be b(3). Suppose -u*t = -0*t - 16, 2*n - 84 = -t. Calculate the remainder when n is divided by 11.
7
Suppose 32 = 4*f + 2*i, -40 = -4*f - 5*i + i. Calculate the remainder when 49 is divided by f.
1
Let w(g) = 9*g**3 - 8*g**2 + g + 7. Let d be w(3). Let n = -70 + d. What is the remainder when n is divided by 56?
55
Suppose -3*f = -102 - 252. Let c = f + -64. What is the remainder when c is divided by 11?
10
Suppose 13636 = 426*z - 419*z. What is the remainder when z is divided by 130?
128
Let x(j) = 4*j**2 - j - 1. Let i(p) = p**2 - p. Let c(n) = -3*i(n) + x(n). Suppose -64*r + 30 = -70*r. What is the remainder when 40 is divided by c(r)?
12
Suppose -15*k - 90 = -10*k. Let a = -5 - k. What is the remainder when 24 is divided by a?
11
Suppose 3*k - 4 + 15 = -q, 0 = -q - 2. Let a(s) = s**2 + 2*s + 4. What is the remainder when 11 is divided by a(k)?
4
Let g(j) = -j**2 + 29*j - 8. What is the remainder when 1959 is divided by g(26)?
69
Let p(r) = 2*r**2 - 4*r - 7. Let g be p(11). Let t = g - 19. Suppose -2*c = 2*v - 86, -4*v - t = -4*c - 0*v. What is the remainder when c is divided by 9?
7
Calculate the remainder when 720/(-90)*5/(-2) is divided by 6.
2
Let m(f) = f**2 - 10*f + 8. Let s be -2 + 0 - (-24)/(-2). Let d(w) = -3*w - 28. What is the remainder when d(s) is divided by m(10)?
6
Let v(d) = d**3 - 2*d**2 + 2*d - 7. What is the remainder when v(5) is divided by ((-12)/(-7))/((-69)/(-805))?
18
Suppose 4*b - 5*q - 91 = 0, -7*q + 3*q = 2*b - 26. Calculate the remainder when 91 is divided by b.
15
Let b = 4 - -1. Suppose b*l + 2*s = 68, 4*s - 1 = 5*s. Calculate the remainder when 96 is divided by l.
12
Let z = -1248 - -1452. Calculate the remainder when z is divided by 52.
48
Let d(l) = -2*l**2 - 94*l - 14. Suppose -48 = -6*c + 3*c. What is the remainder when d(-46) is divided by c?
14
Suppose 2*k + k - 42 = 0. Suppose 13*c - 217 = 290. What is the remainder when c is divided by k?
11
Let y = -22 + 26. Suppose 5*o - 24 = -b, -y*o - 72 = b - 4*b. What is the remainder when 45 is divided by b?
21
Suppose 0 = -61*p + 45*p + 4192. What is the remainder when p is divided by 68?
58
Let n(z) = 7*z - 2. Suppose -7*g + 2*g - 10 = -5*h, 4*g - 2*h = 0. Calculate the remainder when 46 is divided by n(g).
10
Let n be -14 + -6 + 8 + -1*3. What is the remainder when 48 is divided by 7 + ((-63)/n - (-4)/(-20))?
4
Suppose 5 = -5*z, -2*d - 3*z = d - 21. Let w = 80 - 78. Calculate the remainder when d is divided by w.
0
Suppose 0 = -4*z + 3*y + 87, -3 + 67 = 3*z - y. What is the remainder when 41 is divided by z?
20
Let t = 15 + -12. Let y(f) = -7*f - f**3 - 7 - 2 + 2 + 9*f**2. Calculate the remainder when t is divided by y(8).
0
Let h = 2 - -9. Suppose 0 = 2*x + p + 1, 0 = -2*x + 5*p - 8*p - h. Calculate the remainder when 15 is divided by x.
1
Let c(d) be the second derivative of d**3/6 - 3*d**2 + 7*d. Let g be c(6). Suppose g = -n + 2*n - 7. Calculate the remainder when 13 is divided by n.
6
Let p = -26 + 46. Suppose -2*v + p = -18. What is the remainder when (2/(-5))/(-2) - 174/(-5) is divided by v?
16
Let g be (-1)/(3 - (-260)/(-85)). Suppose g = 4*u + u - 3*c, 4*c = -16. Suppose 1 = 3*y - 2. What is the remainder when u is divided by y?
0
Suppose 0 = 12*p + 3*p - 1260. What is the remainder when p is divided by 43?
41
Let y(k) = -k**3 - 6*k**2 + 3*k - 12. Calculate the remainder when 172 is divided by y(-7).
12
What is the remainder when (-128)/(-2) - (-2 - (-24)/(-8)) is divided by 2/(2/29)*1?
11
What is the remainder when 2 + 215/(-4)*-4 is divided by 22?
19
Suppose 2*p + 4 = -a + 19, 5*a - 15 = 0. Suppose -7*j + p = -15. What is the remainder when 15 is divided by j?
0
Let d(m) = -2*m**2 - m + 3*m**2 + 3 - 2. Suppose -23 = -12*x + 1. What is the remainder when d(x) is divided by 2?
1
Suppose -4*v + 167 = -89. What is the remainder when v is divided by 34?
30
Let c(i) = -2*i**3 + 24*i**2 - 19*i + 5. What is the remainder when c(11) is divided by 14?
10
Suppose 20 + 0 = 5*z. Suppose -4*x - 4*h + 184 = 0, -3*x + z*h + 25 = -106. Suppose -21*k = -24*k + x. Calculate the remainder when 44 is divided by k.
14
Suppose 0 = -5*l + a - 0*a + 212, 5*l + 4*a - 227 = 0. What is the remainder when l is divided by (1*12/(-5))/((-20)/125)?
13
Suppose 1085*z = 1084*z + 856. What is the remainder when z is divided b